{"id":1096,"date":"2019-12-04T21:35:29","date_gmt":"2019-12-04T20:35:29","guid":{"rendered":"http:\/\/tussyke.de\/Hachelauf\/?page_id=1096"},"modified":"2025-05-17T19:13:40","modified_gmt":"2025-05-17T17:13:40","slug":"4-x-25-km-staffellauf","status":"publish","type":"page","link":"https:\/\/tussyke.de\/Hachelauf\/4-x-25-km-staffellauf\/","title":{"rendered":"4 x 2,5 km-REWE Philip Monien-Staffellauf"},"content":{"rendered":"<h2>KEINE AUSREDEN !<\/h2>\n<p>2,5 km schafft jeder, zusammen packt Ihr die 10 km.<br \/>\nSchnapp Dir drei Personen (Jahrgang 2016 und \u00e4lter) und melde Eure Staffel an.<\/p>\n<p>Los geht\u00b4s mit L\u00e4ufer 1 um 18:30 Uhr am Start vor dem Kreishaus. Sei dort bitte ca. 15 min vorher.<br \/>\nL\u00e4ufer 2, 3 und 4 warten in der Wechselzone. Sie befindet sich in der Hauptstra\u00dfe auf H\u00f6he der Einm\u00fcndung zur Luise-Chevalier-Stra\u00dfe (ca. 250 m vor dem Start-\/Zielbereich). Den Staffelstab \u00fcbergibt dort L\u00e4ufer 1 an L\u00e4ufer 2, L\u00e4ufer 2 nach seiner Runde an L\u00e4ufer 3 und L\u00e4ufer 3 nach seiner Runde an L\u00e4ufer 4. Bevor er ihn ins Ziel tr\u00e4gt, passiert er auf seiner Runde die Wechselzone. Dort k\u00f6nnen sich L\u00e4ufer 1, 2 und 3 wieder auf die Strecke begeben. Den Zieleinlauf erlebt Ihr dann gemeinsam.<\/p>\n<p>Den Streckenplan findest Du <a href=\"http:\/\/tussyke.de\/Hachelauf\/lauf-infos\/strecke\/\">hier<\/a>.<br \/>\nAuf geht\u00b4s zur <a href=\"http:\/\/tussyke.de\/Hachelauf\/anmeldung\/\">Anmeldung<\/a>.<\/p>\n<p>Die Siegerehrung der schnellsten drei Staffeln erfolgt am Veranstaltungstag.<\/p>\n<p><strong>Gewertet werden Staffeln mit vier verschiedenen Teilnehmenden.<\/strong><\/p>\n<hr \/>\n<p>Dieser Lauf wird gesponsert von<br \/>\n<a href=\"https:\/\/www.rewe.de\/marktseite\/syke\/540502\/rewe-markt-hauptstr-56-58-suurend\/\"><img loading=\"lazy\" decoding=\"async\" class=\"alignleft size-medium wp-image-1575\" src=\"http:\/\/tussyke.de\/Hachelauf\/wp-content\/uploads\/2023\/04\/REWE-Adresslogo-300x136.jpg\" alt=\"REWE Philip Monien\" width=\"300\" height=\"136\" srcset=\"https:\/\/tussyke.de\/Hachelauf\/wp-content\/uploads\/2023\/04\/REWE-Adresslogo-300x136.jpg 300w, https:\/\/tussyke.de\/Hachelauf\/wp-content\/uploads\/2023\/04\/REWE-Adresslogo-1024x463.jpg 1024w, https:\/\/tussyke.de\/Hachelauf\/wp-content\/uploads\/2023\/04\/REWE-Adresslogo-768x347.jpg 768w, https:\/\/tussyke.de\/Hachelauf\/wp-content\/uploads\/2023\/04\/REWE-Adresslogo-1536x694.jpg 1536w, https:\/\/tussyke.de\/Hachelauf\/wp-content\/uploads\/2023\/04\/REWE-Adresslogo-2048x926.jpg 2048w, https:\/\/tussyke.de\/Hachelauf\/wp-content\/uploads\/2023\/04\/REWE-Adresslogo-1920x868.jpg 1920w\" sizes=\"auto, (max-width: 300px) 100vw, 300px\" \/><\/a><\/p>\n","protected":false},"excerpt":{"rendered":"<p>KEINE AUSREDEN ! 2,5 km schafft jeder, zusammen packt Ihr die 10 km. Schnapp Dir drei Personen (Jahrgang 2016 und \u00e4lter) und melde Eure Staffel an. Los geht\u00b4s mit L\u00e4ufer 1 um 18:30 Uhr am Start vor dem Kreishaus. Sei dort bitte ca. 15 min vorher. L\u00e4ufer 2, 3 und 4 warten in der Wechselzone.&hellip; <br \/> <a class=\"button small blue\" href=\"https:\/\/tussyke.de\/Hachelauf\/4-x-25-km-staffellauf\/\">Weiterlesen<\/a><\/p>\n","protected":false},"author":1,"featured_media":0,"parent":0,"menu_order":0,"comment_status":"closed","ping_status":"closed","template":"","meta":{"footnotes":""},"class_list":["post-1096","page","type-page","status-publish","hentry"],"_links":{"self":[{"href":"https:\/\/tussyke.de\/Hachelauf\/wp-json\/wp\/v2\/pages\/1096","targetHints":{"allow":["GET"]}}],"collection":[{"href":"https:\/\/tussyke.de\/Hachelauf\/wp-json\/wp\/v2\/pages"}],"about":[{"href":"https:\/\/tussyke.de\/Hachelauf\/wp-json\/wp\/v2\/types\/page"}],"author":[{"embeddable":true,"href":"https:\/\/tussyke.de\/Hachelauf\/wp-json\/wp\/v2\/users\/1"}],"replies":[{"embeddable":true,"href":"https:\/\/tussyke.de\/Hachelauf\/wp-json\/wp\/v2\/comments?post=1096"}],"version-history":[{"count":21,"href":"https:\/\/tussyke.de\/Hachelauf\/wp-json\/wp\/v2\/pages\/1096\/revisions"}],"predecessor-version":[{"id":1950,"href":"https:\/\/tussyke.de\/Hachelauf\/wp-json\/wp\/v2\/pages\/1096\/revisions\/1950"}],"wp:attachment":[{"href":"https:\/\/tussyke.de\/Hachelauf\/wp-json\/wp\/v2\/media?parent=1096"}],"curies":[{"name":"wp","href":"https:\/\/api.w.org\/{rel}","templated":true}]}}