{"id":125,"date":"2018-05-29T13:53:19","date_gmt":"2018-05-29T11:53:19","guid":{"rendered":"https:\/\/tussyke.de\/Hachelauf\/one-page-express\/"},"modified":"2025-05-17T19:21:48","modified_gmt":"2025-05-17T17:21:48","slug":"one-page-express","status":"publish","type":"page","link":"https:\/\/tussyke.de\/Hachelauf\/","title":{"rendered":"Front Page"},"content":{"rendered":"<div data-label=\"TeilnehmerButton\" data-id=\"cta-blue-section\" data-category=\"cta\" class=\"cta-blue-section\" id=\"teilnehmerbutton\">\r\n<div class=\"gridContainer\">\r\n<div class=\"flexbox-list flexbox-list-align-center row\">\r\n<div class=\"cta-blue-textcol dynamic-color\">\r\n<h2 class=\"cta-blue-text\"><b class=\"element2\">9. Mai 2026<\/b>\r\nSechster Syker Hachelauf<\/h2>\r\n<\/div>\r\n<div class=\"cta-blue-btncol\"><a class=\"button big yellow dark-text\" href=\"https:\/\/tussyke.de\/Hachelauf\/anmeldung\" target=\"_self\" rel=\"noopener noreferrer\"> Ich m\u00f6chte teilnehmen <\/a><\/div>\r\n<\/div>\r\n<\/div>\r\n<\/div>\r\n<div class=\"countdown\"><\/div>\r\n<div data-label=\"Links Ergebnisse\" data-id=\"stripped-features-image-cards-section\" data-category=\"overlapable\" class=\"features-image-cards-section stripped-features-image-cards-section\" data-overlap=\"true\" id=\"links-ergebnisse\" style=\"background-color: #f6f6f6\">\r\n<div class=\"gridContainer\">\r\n<div class=\"features-image-cards-innerrow flexbox-list\" data-type=\"row\">\r\n<div class=\"features-image-cards-cardcol cp4cols cp6cols-tablet\">\r\n<div class=\"features-image-cards-cardrow\">\r\n\r\n<img decoding=\"async\" class=\"features-image-cards-featimg\" src=\"http:\/\/tussyke.de\/Hachelauf\/wp-content\/uploads\/2022\/12\/SYHL22-Siegerehrung-25.jpg\" alt=\"\" \/>\r\n<div class=\"features-image-cards-cardtextrow\" data-type=\"column\">\r\n<h4 class=\"\">Ergebnislisten 2025<\/h4>\r\n<p class=\"\">Ergebnislisten und Urkunden des Hachelauf k\u00f6nnt ihr hier abrufen<\/p>\r\n\r\n\r\n<hr class=\"features-image-cards-separator\" \/>\r\n\r\n<a class=\"button blue\" href=\"https:\/\/portal.run-timing.de\/818\/results\" target=\"_self\">Ergebnisse<\/a>\r\n\r\n<\/div>\r\n<\/div>\r\n<\/div>\r\n<div class=\"features-image-cards-cardcol cp4cols cp6cols-tablet\">\r\n<div class=\"features-image-cards-cardrow\">\r\n\r\n<img decoding=\"async\" class=\"features-image-cards-featimg\" src=\"http:\/\/tussyke.de\/Hachelauf\/wp-content\/uploads\/2022\/12\/SYHL22-10-km-4-x-25-km-Strecke-9.jpg\" alt=\"\" \/>\r\n<div class=\"features-image-cards-cardtextrow\" data-type=\"column\">\r\n<h4 class=\"\">Fotos &amp; Berichte 2025<\/h4>\r\n<p class=\"\">Fotos und Berichte des Hachelauf k\u00f6nnt ihr hier abrufen<\/p>\r\n\r\n\r\n<hr class=\"features-image-cards-separator\" \/>\r\n\r\n<a class=\"button blue\" href=\"https:\/\/tussyke.de\/Hachelauf\/ergebnisse-2025\/fotos-videos-berichte-2025\" target=\"_self\">Fotos<\/a>\r\n\r\n<\/div>\r\n<\/div>\r\n<\/div>\r\n<div class=\"features-image-cards-cardcol cp4cols cp6cols-tablet\">\r\n<div class=\"features-image-cards-cardrow\">\r\n\r\n<img decoding=\"async\" class=\"features-image-cards-featimg\" src=\"http:\/\/tussyke.de\/Hachelauf\/wp-content\/uploads\/2022\/12\/SYHL22-5-km-Walking-Nordic-Walking-Strecke-64.jpg\" alt=\"\" \/>\r\n<div class=\"features-image-cards-cardtextrow\" data-type=\"column\">\r\n<h4 class=\"\">Zieleinlaufvideo 2025<\/h4>\r\n<p class=\"\">Dein pers\u00f6nliches Zieleinlaufvideo findest Du hier<\/p>\r\n\r\n\r\n<hr class=\"features-image-cards-separator\" \/>\r\n\r\n<a class=\"button blue\" href=\"https:\/\/portal.run-timing.de\/818\/results\" target=\"_self\">Zieleinlaufvideo<\/a>\r\n\r\n<\/div>\r\n<\/div>\r\n<\/div>\r\n<\/div>\r\n<\/div>\r\n<\/div>\r\n<div data-label=\"Impressionen\" data-id=\"stripped-about-four-boxes-section\" data-category=\"overlapable\" class=\"stripped-about-four-boxes-section\" data-overlap=\"true\" id=\"impressionen\" style=\"background-color: #ffffff\">\r\n<div class=\"gridContainer\">\r\n<div class=\"about-four-boxes-innerrow flexbox-list\">\r\n<div class=\"about-four-boxes-imgcol\" data-bg=\"image\" style=\"background-image: url('https:\/\/tussyke.de\/Hachelauf\/wp-content\/uploads\/2018\/05\/header.jpg')\"><\/div>\r\n<div class=\"about-four-boxes-textcol\" data-type=\"column\">\r\n<h6 class=\"\">Stadt im Gr\u00fcnen<\/h6>\r\n<h2 class=\"\">Syke l\u00e4uft<\/h2>\r\n<p class=\"\">Am 11. Mai 2019 war es soweit:\u00a0 Sykes erster Hachelauf! Drei Jahre sp\u00e4ter folgte der zweite. Wir freuen uns nun auf die sechste Runde am 9. Mai 2026\u00a0 in Syke.<\/p>\r\nMehr \u00fcber die Stadt finden Sie\r\n\r\n<a href=\"https:\/\/www.syke.de\" class=\"\" target=\"_blank\" rel=\"noopener noreferrer\">HIER<\/a>\r\n\r\n<\/div>\r\n<div class=\"about-four-boxes-textcol\" data-type=\"column\">\r\n<h6 class=\"\">B\u00e4ren auf der Strecke<\/h6>\r\n<h2 class=\"\">Syker B\u00e4ren<\/h2>\r\n<p class=\"\">Diesen zwei B\u00e4ren begegnen Sie auf dem Syker Hachelauf. Mehr Bilder der Strecke finden Sie<\/p>\r\n<a href=\"https:\/\/tussyke.de\/Hachelauf\/lauf-infos\/strecke\" class=\"\" target=\"_self\" rel=\"noopener noreferrer\">HIER<\/a>\r\n<div class=\"spacer\" data-type=\"group\"><span class=\"fa before\"><\/span><i class=\"fa fa-bandcamp\"><\/i><span class=\"fa after\"><\/span><\/div>\r\n<\/div>\r\n<div class=\"about-four-boxes-imgcol2\" data-bg=\"image\" style=\"background-image: url('https:\/\/tussyke.de\/Hachelauf\/wp-content\/uploads\/2018\/05\/Baeren.jpg')\"><\/div>\r\n<\/div>\r\n<\/div>\r\n<\/div>\r\n<div data-label=\"Wettbewerbe\" data-id=\"features-small-icon-cards-section\" data-category=\"features\" class=\"features-small-icon-cards-section\" id=\"wettbewerbe\" style=\"background-color: #f6f6f6\">\r\n<div class=\"gridContainer\">\r\n<div class=\"features-small-icon-cards-textrow\">\r\n<div class=\"features-small-icon-cards-textcol dynamic-color\" data-type=\"column\">\r\n<h2 class=\"\">Die L\u00e4ufe<\/h2>\r\n<p class=\"\">Ihr wollt teilnehmen aber wisst nicht an welchem Lauf? Hier ein kleiner \u00dcberblick:<\/p>\r\n\r\n<\/div>\r\n<\/div>\r\n<div class=\"features-small-icon-cards-featuresrow dark-text\" data-type=\"row\">\r\n<div class=\"features-small-icon-cards-featcol\">\r\n<div class=\"features-small-icon-cards-featinnerrow\">\r\n<div class=\"features-small-icon-cards-iconcol\"><i class=\"font-icon-23 fa fa-angle-double-right\" data-cp-fa=\"true\"><\/i><\/div>\r\n<div class=\"features-small-icon-cards-feattextcol\" data-type=\"column\">\r\n<h4 class=\"\">1 km-Zelle Immobilien-Kinderl\u00e4ufe<\/h4>\r\n<p class=\"\">Du bist zwischen 2015 und 2020 geboren? Dann l\u00e4ufst Du eine sch\u00f6ne Runde durch Syke.<\/p>\r\n<a class=\"button blue\" href=\"https:\/\/tussyke.de\/Hachelauf\/wettbewerbe\/900m-kinderlauf\" target=\"_self\">Mehr<\/a>\r\n\r\n<\/div>\r\n<\/div>\r\n<\/div>\r\n<div class=\"features-small-icon-cards-featcol\">\r\n<div class=\"features-small-icon-cards-featinnerrow\">\r\n<div class=\"features-small-icon-cards-iconcol\"><i class=\"font-icon-23 fa fa-angle-double-right\" data-cp-fa=\"true\"><\/i><\/div>\r\n<div class=\"features-small-icon-cards-feattextcol\" data-type=\"column\">\r\n<h4 class=\"\">2,5 km-Avacon-Jugendlauf<\/h4>\r\n<p class=\"\">Freue Dich auf eine Laufstrecke mit \u00fcberschaubarer L\u00e4nge entlang der Hache und durch die Syker Innenstadt\u2026<\/p>\r\n<a class=\"button blue\" href=\"https:\/\/tussyke.de\/Hachelauf\/Hachelauf\/wettbewerbe\/25-km-gaudilauf\" target=\"_self\">Mehr<\/a>\r\n\r\n<\/div>\r\n<\/div>\r\n<\/div>\r\n<div class=\"features-small-icon-cards-featcol\">\r\n<div class=\"features-small-icon-cards-featinnerrow\">\r\n<div class=\"features-small-icon-cards-iconcol\"><i class=\"font-icon-23 fa fa-angle-double-right\" data-cp-fa=\"true\"><\/i><\/div>\r\n<div class=\"features-small-icon-cards-feattextcol\" data-type=\"column\">\r\n<h4 class=\"\">5 km-AOK-Lauf<\/h4>\r\n<p class=\"\">Syke bietet Dir zum sechsten Mal eine Laufstrecke, die dem Fluss Hache folgt und mit einer langen Zielgeraden durch die Fu\u00dfg\u00e4ngerzone nach 2,5 km endet.<\/p>\r\n<a class=\"button blue\" href=\"https:\/\/tussyke.de\/Hachelauf\/wettbewerbe\/5-km-lauf\" target=\"_self\">Mehr<\/a>\r\n\r\n<\/div>\r\n<\/div>\r\n<\/div>\r\n<div class=\"features-small-icon-cards-featcol\">\r\n<div class=\"features-small-icon-cards-featinnerrow\">\r\n<div class=\"features-small-icon-cards-iconcol\"><i class=\"font-icon-23 fa fa-angle-double-right\" data-cp-fa=\"true\"><\/i><\/div>\r\n<div class=\"features-small-icon-cards-feattextcol\" data-type=\"column\">\r\n<h4 class=\"\">10 km-Schuhhaus Kastner-Lauf<\/h4>\r\n<p class=\"\">Erlebe Sykes sechsten Stadtlauf im Fr\u00fchling auf einer 2,5 km langen Strecke durch die Innenstadt und entlang unseres Flusses, der Hache.<\/p>\r\n<a class=\"button blue\" href=\"https:\/\/tussyke.de\/Hachelauf\/wettbewerbe\/10-km-lauf\" target=\"_self\">Mehr<\/a>\r\n\r\n<\/div>\r\n<\/div>\r\n<\/div>\r\n<div class=\"features-small-icon-cards-featcol\">\r\n<div class=\"features-small-icon-cards-featinnerrow\">\r\n<div class=\"features-small-icon-cards-iconcol\"><i class=\"font-icon-23 fa fa-angle-double-right\" data-cp-fa=\"true\"><\/i><\/div>\r\n<div class=\"features-small-icon-cards-feattextcol\" data-type=\"column\">\r\n<h4 class=\"\">4 x 2,5 km-REWE Philip Monien-Staffellauf<\/h4>\r\n<p class=\"\">2,5 km schafft jeder. Zusammen packt Ihr die 10 km. Schnapp Dir drei Personen zwischen 9 und 99 Jahren und melde Eure Staffel an.<\/p>\r\n<a class=\"button blue\" href=\"https:\/\/tussyke.de\/Hachelauf\/wettbewerbe\/4-x-25-km-staffellauf\" target=\"_self\">Mehr<\/a>\r\n\r\n<\/div>\r\n<\/div>\r\n<\/div>\r\n<div class=\"features-small-icon-cards-featcol\">\r\n<div class=\"features-small-icon-cards-featinnerrow\">\r\n<div class=\"features-small-icon-cards-iconcol\"><i class=\"font-icon-23 fa fa-angle-double-right\" data-cp-fa=\"true\"><\/i><\/div>\r\n<div class=\"features-small-icon-cards-feattextcol\" data-type=\"column\">\r\n<h4 class=\"\">5 km-Weymann-Walking<\/h4>\r\n<p class=\"\">Zum f\u00fcnften Mal bieten wir Dir unseren sch\u00f6nen Rundkurs durch Sykes Innenstadt und entlang der Hache, als Walkingstrecke an.<\/p>\r\n<a class=\"button blue\" href=\"https:\/\/tussyke.de\/Hachelauf\/5-km-walking\" target=\"_self\">Mehr<\/a>\r\n\r\n<\/div>\r\n<\/div>\r\n<\/div>\r\n<\/div>\r\n<\/div>\r\n<\/div>\r\n<div data-label=\"Sponsoren\" data-id=\"clients-strip-section\" data-category=\"clients\" class=\"clients-strip-section\" id=\"sponsoren\" style=\"background-color: #f6f6f6\">\r\n<div class=\"row_187\" data-type=\"row\" data-add-content=\"false\">\r\n<div class=\"clients-strip-itemcol cp2cols\">\r\n<div class=\"middle_align1\"><a href=\"https:\/\/zelle-immobilien.de\/startseite.html\" target=\"_blank\" rel=\"noopener noreferrer\" class=\"\"><img decoding=\"async\" class=\"clients-strip-itemimg\" src=\"https:\/\/tussyke.de\/Hachelauf\/wp-content\/uploads\/2018\/12\/Zelle_Immobilien.png\" \/><\/a><\/div>\r\n<\/div>\r\n<div class=\"clients-strip-itemcol cp2cols\">\r\n<div class=\"middle_align1\"><a href=\"https:\/\/www.avacon.de\/de.html\" target=\"_blank\" rel=\"noopener noreferrer\" class=\"\"><img decoding=\"async\" class=\"clients-strip-itemimg\" src=\"http:\/\/tussyke.de\/Hachelauf\/wp-content\/uploads\/2019\/12\/Avacon_Logo_gruen_RGB.png\" data-wp-editing=\"1\" \/><\/a><\/div>\r\n<\/div>\r\n<div class=\"clients-strip-itemcol cp2cols\">\r\n<div class=\"middle_align1\"><a href=\"https:\/\/www.olb.de\/Service\/Kontakt-und-Informationen\/Kontaktaufnahme\/Filialfinder\/Filialen\/Syke\" target=\"_blank\" rel=\"noopener noreferrer\" class=\"\"><img decoding=\"async\" class=\"clients-strip-itemimg\" src=\"http:\/\/tussyke.de\/Hachelauf\/wp-content\/uploads\/2024\/12\/OLB_Stiftung_Logo_pos_RGB.png\" \/><\/a><\/div>\r\n<\/div>\r\n<div class=\"clients-strip-itemcol cp2cols\">\r\n<div class=\"middle_align1\"><img decoding=\"async\" class=\"clients-strip-itemimg\" src=\"http:\/\/tussyke.de\/Hachelauf\/wp-content\/uploads\/2022\/02\/AOK_Logo_Horiz_Gruen_RGB.png\" data-wp-editing=\"1\" \/><\/div>\r\n<\/div>\r\n<div class=\"clients-strip-itemcol cp2cols\">\r\n<div class=\"middle_align1\"><a href=\"https:\/\/tussyke.de\/Hachelauf\/mediengruppe-kreiszeitung.de\" target=\"_blank\" rel=\"noopener noreferrer\" class=\"\"><img decoding=\"async\" class=\"clients-strip-itemimg\" src=\"https:\/\/tussyke.de\/Hachelauf\/wp-content\/uploads\/2022\/02\/Mediengruppe-Kreiszeitung-scaled.jpg\" \/><\/a><\/div>\r\n<\/div>\r\n<div class=\"clients-strip-itemcol cp2cols\">\r\n<div class=\"middle_align1\"><a href=\"https:\/\/www.schuhhaus-kastner.com\" target=\"_blank\" rel=\"noopener noreferrer\" class=\"\"><img decoding=\"async\" class=\"clients-strip-itemimg\" src=\"http:\/\/tussyke.de\/Hachelauf\/wp-content\/uploads\/2022\/12\/Logo-Kastner-scaled.jpg\" \/><\/a><\/div>\r\n<\/div>\r\n<div class=\"clients-strip-itemcol cp2cols\">\r\n<div class=\"middle_align1\"><a href=\"https:\/\/www.apollo.de\/filialen\/syke\/hauptstr-3-6455?cid=yext_GMB_website_syke_6455&amp;utm_campaign=gmb-website&amp;utm_source=google&amp;utm_medium=organic&amp;utm_content=6455&amp;y_source=1_MTA4MTk2NTg0Ni03MTUtbG9jYXRpb24ud2Vic2l0ZQ%3D%3D\" target=\"_blank\" rel=\"noopener noreferrer\" class=\"\"><img decoding=\"async\" class=\"clients-strip-itemimg\" src=\"http:\/\/tussyke.de\/Hachelauf\/wp-content\/uploads\/2024\/12\/APOLLO_Logo_10_2016_White_RGB-scaled.jpg\" \/><\/a><\/div>\r\n<\/div>\r\n<div class=\"clients-strip-itemcol cp2cols\">\r\n<div class=\"middle_align1\"><a href=\"https:\/\/www.rewe.de\/marktseite\/syke\/540502\/rewe-markt-hauptstr-56-58-suurend\" target=\"_blank\" rel=\"noopener noreferrer\" class=\"\"><img decoding=\"async\" class=\"clients-strip-itemimg\" src=\"http:\/\/tussyke.de\/Hachelauf\/wp-content\/uploads\/2023\/04\/REWE-Adresslogo-scaled.jpg\" \/><\/a><\/div>\r\n<\/div>\r\n<div class=\"clients-strip-itemcol cp2cols\">\r\n<div class=\"middle_align1\"><a href=\"https:\/\/www.buschmann-energietechnik.de\" target=\"_blank\" rel=\"noopener noreferrer\" class=\"\"><img decoding=\"async\" class=\"clients-strip-itemimg\" src=\"http:\/\/tussyke.de\/Hachelauf\/wp-content\/uploads\/2025\/01\/Buschmann_logo_linksbuendig_cmyk-scaled.jpg\" \/><\/a><\/div>\r\n<\/div>\r\n<\/div>\r\n<\/div>","protected":false},"excerpt":{"rendered":"<p>9. Mai 2026 Sechster Syker Hachelauf Ich m\u00f6chte teilnehmen Ergebnislisten 2025 Ergebnislisten und Urkunden des Hachelauf k\u00f6nnt ihr hier abrufen Ergebnisse Fotos &amp; Berichte 2025 Fotos und Berichte des Hachelauf k\u00f6nnt ihr hier abrufen Fotos Zieleinlaufvideo 2025 Dein pers\u00f6nliches Zieleinlaufvideo findest Du hier Zieleinlaufvideo Stadt im Gr\u00fcnen Syke l\u00e4uft Am 11. Mai 2019 war es&hellip; <br \/> <a class=\"button small blue\" href=\"https:\/\/tussyke.de\/Hachelauf\/2025\/05\/17\/eine-ganz-besondere-lehrer-schueler-beziehung-und-noch-viel-mehr-fuenf-bunte-geschichten-vom-5-syker-hachelauf\/\">Weiterlesen<\/a><\/p>\n","protected":false},"author":1,"featured_media":0,"parent":0,"menu_order":0,"comment_status":"closed","ping_status":"closed","template":"","meta":{"footnotes":""},"class_list":["post-125","page","type-page","status-publish","hentry"],"_links":{"self":[{"href":"https:\/\/tussyke.de\/Hachelauf\/wp-json\/wp\/v2\/pages\/125","targetHints":{"allow":["GET"]}}],"collection":[{"href":"https:\/\/tussyke.de\/Hachelauf\/wp-json\/wp\/v2\/pages"}],"about":[{"href":"https:\/\/tussyke.de\/Hachelauf\/wp-json\/wp\/v2\/types\/page"}],"author":[{"embeddable":true,"href":"https:\/\/tussyke.de\/Hachelauf\/wp-json\/wp\/v2\/users\/1"}],"replies":[{"embeddable":true,"href":"https:\/\/tussyke.de\/Hachelauf\/wp-json\/wp\/v2\/comments?post=125"}],"version-history":[{"count":123,"href":"https:\/\/tussyke.de\/Hachelauf\/wp-json\/wp\/v2\/pages\/125\/revisions"}],"predecessor-version":[{"id":1607,"href":"https:\/\/tussyke.de\/Hachelauf\/wp-json\/wp\/v2\/pages\/125\/revisions\/1607"}],"wp:attachment":[{"href":"https:\/\/tussyke.de\/Hachelauf\/wp-json\/wp\/v2\/media?parent=125"}],"curies":[{"name":"wp","href":"https:\/\/api.w.org\/{rel}","templated":true}]}}