{"id":67,"date":"2018-05-27T19:28:44","date_gmt":"2018-05-27T17:28:44","guid":{"rendered":"https:\/\/tussyke.de\/Hachelauf\/?page_id=67"},"modified":"2026-04-13T19:22:54","modified_gmt":"2026-04-13T17:22:54","slug":"partner","status":"publish","type":"page","link":"https:\/\/tussyke.de\/Hachelauf\/partner\/","title":{"rendered":"Unsere Partner"},"content":{"rendered":"<h2>Herzlichen Dank f\u00fcr die Unterst\u00fctzung!<\/h2>\n<div>\n<h4>F\u00f6rderer<\/h4>\n<p><a href=\"https:\/\/www.olb.de\/privatkunden\" rel=\"attachment wp-att-1783\"><img loading=\"lazy\" decoding=\"async\" class=\"alignnone wp-image-1783\" src=\"http:\/\/tussyke.de\/Hachelauf\/wp-content\/uploads\/2024\/12\/OLB_Stiftung_Logo_pos_RGB.png\" alt=\"\" width=\"590\" height=\"88\" srcset=\"https:\/\/tussyke.de\/Hachelauf\/wp-content\/uploads\/2024\/12\/OLB_Stiftung_Logo_pos_RGB.png 1340w, https:\/\/tussyke.de\/Hachelauf\/wp-content\/uploads\/2024\/12\/OLB_Stiftung_Logo_pos_RGB-300x45.png 300w, https:\/\/tussyke.de\/Hachelauf\/wp-content\/uploads\/2024\/12\/OLB_Stiftung_Logo_pos_RGB-1024x153.png 1024w, https:\/\/tussyke.de\/Hachelauf\/wp-content\/uploads\/2024\/12\/OLB_Stiftung_Logo_pos_RGB-768x115.png 768w\" sizes=\"auto, (max-width: 590px) 100vw, 590px\" \/><\/a><\/p>\n<p>&nbsp;<\/p>\n<\/div>\n<div>\n<h4>Gold-Sponsoren<\/h4>\n<p><a href=\"https:\/\/www.avacon.de\/de.html\"><img loading=\"lazy\" decoding=\"async\" class=\"size-medium wp-image-1132 alignnone\" src=\"http:\/\/tussyke.de\/Hachelauf\/wp-content\/uploads\/2019\/12\/Avacon_Logo_gruen_RGB-300x60.png\" alt=\"Avacon\" width=\"270\" height=\"30\" \/> \u00a0<\/a>\u00a0 \u00a0 \u00a0 \u00a0 <img loading=\"lazy\" decoding=\"async\" class=\"alignnone wp-image-1312\" src=\"http:\/\/tussyke.de\/Hachelauf\/wp-content\/uploads\/2022\/02\/AOK_Logo_Horiz_Gruen_RGB.png\" alt=\"AOK\" width=\"310\" height=\"96\" srcset=\"https:\/\/tussyke.de\/Hachelauf\/wp-content\/uploads\/2022\/02\/AOK_Logo_Horiz_Gruen_RGB.png 3228w, https:\/\/tussyke.de\/Hachelauf\/wp-content\/uploads\/2022\/02\/AOK_Logo_Horiz_Gruen_RGB-300x93.png 300w, https:\/\/tussyke.de\/Hachelauf\/wp-content\/uploads\/2022\/02\/AOK_Logo_Horiz_Gruen_RGB-1024x317.png 1024w, https:\/\/tussyke.de\/Hachelauf\/wp-content\/uploads\/2022\/02\/AOK_Logo_Horiz_Gruen_RGB-768x238.png 768w, https:\/\/tussyke.de\/Hachelauf\/wp-content\/uploads\/2022\/02\/AOK_Logo_Horiz_Gruen_RGB-1536x476.png 1536w, https:\/\/tussyke.de\/Hachelauf\/wp-content\/uploads\/2022\/02\/AOK_Logo_Horiz_Gruen_RGB-2048x634.png 2048w, https:\/\/tussyke.de\/Hachelauf\/wp-content\/uploads\/2022\/02\/AOK_Logo_Horiz_Gruen_RGB-1920x595.png 1920w\" sizes=\"auto, (max-width: 310px) 100vw, 310px\" \/>\u00a0 \u00a0 <a href=\"https:\/\/zelle-immobilien.de\/kaufen\/immobilien\" rel=\"attachment wp-att-521\"><img loading=\"lazy\" decoding=\"async\" class=\"wp-image-521 alignnone\" src=\"http:\/\/tussyke.de\/Hachelauf\/wp-content\/uploads\/2018\/11\/Zelle_Logo_neu_2_18kl.jpg\" alt=\"Zelle Immobilien\" width=\"269\" height=\"123\" srcset=\"https:\/\/tussyke.de\/Hachelauf\/wp-content\/uploads\/2018\/11\/Zelle_Logo_neu_2_18kl.jpg 600w, https:\/\/tussyke.de\/Hachelauf\/wp-content\/uploads\/2018\/11\/Zelle_Logo_neu_2_18kl-300x137.jpg 300w\" sizes=\"auto, (max-width: 269px) 100vw, 269px\" \/><\/a> \u00a0\u00a0 \u00a0<a style=\"font-size: 1.11em\" href=\"https:\/\/www.facebook.com\/REWE-Philip-Monien-Syke-107035204032722\/\"><img loading=\"lazy\" decoding=\"async\" class=\"alignnone wp-image-1385\" src=\"http:\/\/tussyke.de\/Hachelauf\/wp-content\/uploads\/2022\/05\/REWE-Adresslogo-300x136.jpg\" alt=\"\" width=\"267\" height=\"121\" srcset=\"https:\/\/tussyke.de\/Hachelauf\/wp-content\/uploads\/2022\/05\/REWE-Adresslogo-300x136.jpg 300w, https:\/\/tussyke.de\/Hachelauf\/wp-content\/uploads\/2022\/05\/REWE-Adresslogo-1024x463.jpg 1024w, https:\/\/tussyke.de\/Hachelauf\/wp-content\/uploads\/2022\/05\/REWE-Adresslogo-768x347.jpg 768w, https:\/\/tussyke.de\/Hachelauf\/wp-content\/uploads\/2022\/05\/REWE-Adresslogo-1536x694.jpg 1536w, https:\/\/tussyke.de\/Hachelauf\/wp-content\/uploads\/2022\/05\/REWE-Adresslogo-2048x926.jpg 2048w, https:\/\/tussyke.de\/Hachelauf\/wp-content\/uploads\/2022\/05\/REWE-Adresslogo-1920x868.jpg 1920w\" sizes=\"auto, (max-width: 267px) 100vw, 267px\" \/><\/a><a href=\"https:\/\/www.schuhhaus-kastner.com\" rel=\"attachment wp-att-1437\"><img loading=\"lazy\" decoding=\"async\" class=\"alignnone wp-image-1437\" src=\"http:\/\/tussyke.de\/Hachelauf\/wp-content\/uploads\/2022\/12\/Logo-Kastner-scaled.jpg\" alt=\"Schuhhaus Orthop\u00e4die Kastner\" width=\"268\" height=\"155\" srcset=\"https:\/\/tussyke.de\/Hachelauf\/wp-content\/uploads\/2022\/12\/Logo-Kastner-scaled.jpg 2560w, https:\/\/tussyke.de\/Hachelauf\/wp-content\/uploads\/2022\/12\/Logo-Kastner-300x173.jpg 300w, https:\/\/tussyke.de\/Hachelauf\/wp-content\/uploads\/2022\/12\/Logo-Kastner-1024x592.jpg 1024w, https:\/\/tussyke.de\/Hachelauf\/wp-content\/uploads\/2022\/12\/Logo-Kastner-768x444.jpg 768w, https:\/\/tussyke.de\/Hachelauf\/wp-content\/uploads\/2022\/12\/Logo-Kastner-1536x888.jpg 1536w, https:\/\/tussyke.de\/Hachelauf\/wp-content\/uploads\/2022\/12\/Logo-Kastner-2048x1184.jpg 2048w, https:\/\/tussyke.de\/Hachelauf\/wp-content\/uploads\/2022\/12\/Logo-Kastner-1868x1080.jpg 1868w\" sizes=\"auto, (max-width: 268px) 100vw, 268px\" \/><\/a> <a style=\"font-size: 1.11em\" href=\"https:\/\/www.apollo.de\/filialen\/syke\/hauptstr-3-6455\" rel=\"attachment wp-att-1786\"><img loading=\"lazy\" decoding=\"async\" class=\"alignnone wp-image-1786\" src=\"http:\/\/tussyke.de\/Hachelauf\/wp-content\/uploads\/2024\/12\/APOLLO_Logo_10_2016_White_RGB-scaled.jpg\" alt=\"\" width=\"439\" height=\"134\" srcset=\"https:\/\/tussyke.de\/Hachelauf\/wp-content\/uploads\/2024\/12\/APOLLO_Logo_10_2016_White_RGB-scaled.jpg 2560w, https:\/\/tussyke.de\/Hachelauf\/wp-content\/uploads\/2024\/12\/APOLLO_Logo_10_2016_White_RGB-300x92.jpg 300w, https:\/\/tussyke.de\/Hachelauf\/wp-content\/uploads\/2024\/12\/APOLLO_Logo_10_2016_White_RGB-1024x314.jpg 1024w, https:\/\/tussyke.de\/Hachelauf\/wp-content\/uploads\/2024\/12\/APOLLO_Logo_10_2016_White_RGB-768x235.jpg 768w, https:\/\/tussyke.de\/Hachelauf\/wp-content\/uploads\/2024\/12\/APOLLO_Logo_10_2016_White_RGB-1536x471.jpg 1536w, https:\/\/tussyke.de\/Hachelauf\/wp-content\/uploads\/2024\/12\/APOLLO_Logo_10_2016_White_RGB-2048x627.jpg 2048w, https:\/\/tussyke.de\/Hachelauf\/wp-content\/uploads\/2024\/12\/APOLLO_Logo_10_2016_White_RGB-1920x588.jpg 1920w\" sizes=\"auto, (max-width: 439px) 100vw, 439px\" \/>\u00a0 <\/a><a href=\"https:\/\/www.buschmann-energietechnik.de\"><img loading=\"lazy\" decoding=\"async\" class=\"alignnone wp-image-1850 \" src=\"http:\/\/tussyke.de\/Hachelauf\/wp-content\/uploads\/2025\/01\/Buschmann_logo_linksbuendig_cmyk-300x62.jpg\" alt=\"\" width=\"349\" height=\"72\" srcset=\"https:\/\/tussyke.de\/Hachelauf\/wp-content\/uploads\/2025\/01\/Buschmann_logo_linksbuendig_cmyk-300x62.jpg 300w, https:\/\/tussyke.de\/Hachelauf\/wp-content\/uploads\/2025\/01\/Buschmann_logo_linksbuendig_cmyk-1024x213.jpg 1024w, https:\/\/tussyke.de\/Hachelauf\/wp-content\/uploads\/2025\/01\/Buschmann_logo_linksbuendig_cmyk-768x160.jpg 768w, https:\/\/tussyke.de\/Hachelauf\/wp-content\/uploads\/2025\/01\/Buschmann_logo_linksbuendig_cmyk-1536x320.jpg 1536w, https:\/\/tussyke.de\/Hachelauf\/wp-content\/uploads\/2025\/01\/Buschmann_logo_linksbuendig_cmyk-2048x427.jpg 2048w, https:\/\/tussyke.de\/Hachelauf\/wp-content\/uploads\/2025\/01\/Buschmann_logo_linksbuendig_cmyk-1920x400.jpg 1920w\" sizes=\"auto, (max-width: 349px) 100vw, 349px\" \/><\/a><\/p>\n<\/div>\n<p>&nbsp;<\/p>\n<div>\n<h4><\/h4>\n<h4>Medienpartner<\/h4>\n<p><a href=\"http:\/\/mediengruppe-kreiszeitung.de\"><img loading=\"lazy\" decoding=\"async\" class=\"size-medium wp-image-1313 alignleft\" src=\"http:\/\/tussyke.de\/Hachelauf\/wp-content\/uploads\/2022\/02\/Mediengruppe-Kreiszeitung-300x93.jpg\" alt=\"\" width=\"300\" height=\"93\" srcset=\"https:\/\/tussyke.de\/Hachelauf\/wp-content\/uploads\/2022\/02\/Mediengruppe-Kreiszeitung-300x93.jpg 300w, https:\/\/tussyke.de\/Hachelauf\/wp-content\/uploads\/2022\/02\/Mediengruppe-Kreiszeitung-1024x319.jpg 1024w, https:\/\/tussyke.de\/Hachelauf\/wp-content\/uploads\/2022\/02\/Mediengruppe-Kreiszeitung-768x239.jpg 768w, https:\/\/tussyke.de\/Hachelauf\/wp-content\/uploads\/2022\/02\/Mediengruppe-Kreiszeitung-1536x478.jpg 1536w, https:\/\/tussyke.de\/Hachelauf\/wp-content\/uploads\/2022\/02\/Mediengruppe-Kreiszeitung-2048x637.jpg 2048w, https:\/\/tussyke.de\/Hachelauf\/wp-content\/uploads\/2022\/02\/Mediengruppe-Kreiszeitung-1920x597.jpg 1920w\" sizes=\"auto, (max-width: 300px) 100vw, 300px\" \/><\/a><\/p>\n<\/div>\n<h4><\/h4>\n<p>&nbsp;<\/p>\n<div>\n<h4>Silber-Sponsoren<\/h4>\n<p>&nbsp;<\/p>\n<p><img loading=\"lazy\" decoding=\"async\" class=\"alignnone wp-image-1120\" style=\"font-size: 18px\" src=\"http:\/\/tussyke.de\/Hachelauf\/wp-content\/uploads\/2019\/12\/Werbegemeinschaft-Syke2016-300x178.jpg\" alt=\"Werbegemeinschaft Syke\" width=\"289\" height=\"171\" srcset=\"https:\/\/tussyke.de\/Hachelauf\/wp-content\/uploads\/2019\/12\/Werbegemeinschaft-Syke2016-300x178.jpg 300w, https:\/\/tussyke.de\/Hachelauf\/wp-content\/uploads\/2019\/12\/Werbegemeinschaft-Syke2016.jpg 600w\" sizes=\"auto, (max-width: 289px) 100vw, 289px\" \/><a href=\"https:\/\/www.baeckerei-weymann.de\"><img loading=\"lazy\" decoding=\"async\" class=\"alignleft\" src=\"http:\/\/tussyke.de\/Hachelauf\/wp-content\/uploads\/2023\/04\/rz_logo-handwerk_4c.jpg\" width=\"190\" height=\"190\" \/><\/a><\/p>\n<\/div>\n<p>&nbsp;<\/p>\n<p>&nbsp;<\/p>\n<div>\n<h4><\/h4>\n<\/div>\n<p>&nbsp;<\/p>\n<div>\n<h4 style=\"text-align: left\">Partner<\/h4>\n<p>&nbsp;<\/p>\n<\/div>\n<div><a href=\"https:\/\/www.veraenderungsfitness.de\"><img loading=\"lazy\" decoding=\"async\" class=\"wp-image-1517 alignleft\" src=\"http:\/\/tussyke.de\/Hachelauf\/wp-content\/uploads\/2023\/01\/Logo-Veraenderungsfitness-Wort-und-Bildmarke-scaled.jpg\" alt=\"\" width=\"323\" height=\"106\" srcset=\"https:\/\/tussyke.de\/Hachelauf\/wp-content\/uploads\/2023\/01\/Logo-Veraenderungsfitness-Wort-und-Bildmarke-scaled.jpg 2560w, https:\/\/tussyke.de\/Hachelauf\/wp-content\/uploads\/2023\/01\/Logo-Veraenderungsfitness-Wort-und-Bildmarke-300x98.jpg 300w, https:\/\/tussyke.de\/Hachelauf\/wp-content\/uploads\/2023\/01\/Logo-Veraenderungsfitness-Wort-und-Bildmarke-1024x336.jpg 1024w, https:\/\/tussyke.de\/Hachelauf\/wp-content\/uploads\/2023\/01\/Logo-Veraenderungsfitness-Wort-und-Bildmarke-768x252.jpg 768w, https:\/\/tussyke.de\/Hachelauf\/wp-content\/uploads\/2023\/01\/Logo-Veraenderungsfitness-Wort-und-Bildmarke-1536x504.jpg 1536w, https:\/\/tussyke.de\/Hachelauf\/wp-content\/uploads\/2023\/01\/Logo-Veraenderungsfitness-Wort-und-Bildmarke-2048x672.jpg 2048w, https:\/\/tussyke.de\/Hachelauf\/wp-content\/uploads\/2023\/01\/Logo-Veraenderungsfitness-Wort-und-Bildmarke-1920x630.jpg 1920w\" sizes=\"auto, (max-width: 323px) 100vw, 323px\" \/><\/a><\/div>\n<div><a href=\"https:\/\/metallbau-syke.de\"><img loading=\"lazy\" decoding=\"async\" class=\"alignnone wp-image-1689 size-full\" src=\"http:\/\/tussyke.de\/Hachelauf\/wp-content\/uploads\/2024\/04\/koenenkamp_logo.png\" alt=\"\" width=\"240\" height=\"132\" \/><\/a> \u00a0\u00a0 \u00a0\u00a0 \u00a0\u00a0 \u00a0\u00a0 \u00a0\u00a0 \u00a0\u00a0 \u00a0\u00a0 \u00a0<a href=\"https:\/\/www.ball-bedachungen.de\" rel=\"attachment wp-att-1337\"><img loading=\"lazy\" decoding=\"async\" class=\"alignnone wp-image-1337\" src=\"http:\/\/tussyke.de\/Hachelauf\/wp-content\/uploads\/2022\/04\/Logo-GmbH-Co.-KG.jpg\" alt=\"\" width=\"256\" height=\"206\" \/><\/a><\/div>\n<div><\/div>\n<div>\u00a0 \u00a0 \u00a0 \u00a0 \u00a0 \u00a0<a href=\"https:\/\/www.classiccarsharing.de\"><img loading=\"lazy\" decoding=\"async\" class=\"alignnone\" src=\"http:\/\/tussyke.de\/Hachelauf\/wp-content\/uploads\/2023\/01\/luehmann_carsharing_logo_final.png\" alt=\"\" width=\"307\" height=\"121\" \/><\/a>\u00a0 <a href=\"https:\/\/luebber.de\/\"><img loading=\"lazy\" decoding=\"async\" class=\"alignnone wp-image-1858\" src=\"http:\/\/tussyke.de\/Hachelauf\/wp-content\/uploads\/2025\/01\/Bild_2025-01-19_190158659.png\" alt=\"\" width=\"237\" height=\"163\" \/><\/a>\u00a0<a href=\"https:\/\/www.syke.de\/\"><img loading=\"lazy\" decoding=\"async\" class=\"alignnone wp-image-1702\" src=\"http:\/\/tussyke.de\/Hachelauf\/wp-content\/uploads\/2024\/04\/Syke_gruen.png\" alt=\"\" width=\"287\" height=\"86\" srcset=\"https:\/\/tussyke.de\/Hachelauf\/wp-content\/uploads\/2024\/04\/Syke_gruen.png 1416w, https:\/\/tussyke.de\/Hachelauf\/wp-content\/uploads\/2024\/04\/Syke_gruen-300x90.png 300w, https:\/\/tussyke.de\/Hachelauf\/wp-content\/uploads\/2024\/04\/Syke_gruen-1024x307.png 1024w, https:\/\/tussyke.de\/Hachelauf\/wp-content\/uploads\/2024\/04\/Syke_gruen-768x230.png 768w\" sizes=\"auto, (max-width: 287px) 100vw, 287px\" \/><\/a><\/div>\n<div><\/div>\n<div><a href=\"https:\/\/hoppahoop.de\/start\"><img loading=\"lazy\" decoding=\"async\" class=\"alignnone wp-image-1147 size-medium\" src=\"http:\/\/tussyke.de\/Hachelauf\/wp-content\/uploads\/2020\/02\/hoppahoop-300x71.png\" alt=\"\" width=\"300\" height=\"71\" srcset=\"https:\/\/tussyke.de\/Hachelauf\/wp-content\/uploads\/2020\/02\/hoppahoop-300x71.png 300w, https:\/\/tussyke.de\/Hachelauf\/wp-content\/uploads\/2020\/02\/hoppahoop-768x180.png 768w, https:\/\/tussyke.de\/Hachelauf\/wp-content\/uploads\/2020\/02\/hoppahoop.png 800w\" sizes=\"auto, (max-width: 300px) 100vw, 300px\" \/><\/a><a href=\"https:\/\/printhaussyke.de\/\"><img loading=\"lazy\" decoding=\"async\" class=\"alignleft wp-image-1915 size-medium\" src=\"http:\/\/tussyke.de\/Hachelauf\/wp-content\/uploads\/2025\/05\/Printhaus_Logo_Website-02-300x68.png\" alt=\"\" width=\"300\" height=\"68\" srcset=\"https:\/\/tussyke.de\/Hachelauf\/wp-content\/uploads\/2025\/05\/Printhaus_Logo_Website-02-300x68.png 300w, https:\/\/tussyke.de\/Hachelauf\/wp-content\/uploads\/2025\/05\/Printhaus_Logo_Website-02-1024x232.png 1024w, https:\/\/tussyke.de\/Hachelauf\/wp-content\/uploads\/2025\/05\/Printhaus_Logo_Website-02-768x174.png 768w, https:\/\/tussyke.de\/Hachelauf\/wp-content\/uploads\/2025\/05\/Printhaus_Logo_Website-02-1536x348.png 1536w, https:\/\/tussyke.de\/Hachelauf\/wp-content\/uploads\/2025\/05\/Printhaus_Logo_Website-02-2048x465.png 2048w, https:\/\/tussyke.de\/Hachelauf\/wp-content\/uploads\/2025\/05\/Printhaus_Logo_Website-02-1920x436.png 1920w\" sizes=\"auto, (max-width: 300px) 100vw, 300px\" \/><\/a><\/div>\n<div><\/div>\n","protected":false},"excerpt":{"rendered":"<p>Herzlichen Dank f\u00fcr die Unterst\u00fctzung! F\u00f6rderer &nbsp; Gold-Sponsoren \u00a0\u00a0 \u00a0 \u00a0 \u00a0 \u00a0 \u00a0 \u00a0\u00a0 \u00a0 \u00a0 &nbsp; Medienpartner &nbsp; Silber-Sponsoren &nbsp; &nbsp; &nbsp; &nbsp; Partner &nbsp; \u00a0\u00a0 \u00a0\u00a0 \u00a0\u00a0 \u00a0\u00a0 \u00a0\u00a0 \u00a0\u00a0 \u00a0\u00a0 \u00a0 \u00a0 \u00a0 \u00a0 \u00a0 \u00a0 \u00a0\u00a0 \u00a0<\/p>\n","protected":false},"author":1,"featured_media":0,"parent":0,"menu_order":0,"comment_status":"closed","ping_status":"closed","template":"","meta":{"footnotes":""},"class_list":["post-67","page","type-page","status-publish","hentry"],"_links":{"self":[{"href":"https:\/\/tussyke.de\/Hachelauf\/wp-json\/wp\/v2\/pages\/67","targetHints":{"allow":["GET"]}}],"collection":[{"href":"https:\/\/tussyke.de\/Hachelauf\/wp-json\/wp\/v2\/pages"}],"about":[{"href":"https:\/\/tussyke.de\/Hachelauf\/wp-json\/wp\/v2\/types\/page"}],"author":[{"embeddable":true,"href":"https:\/\/tussyke.de\/Hachelauf\/wp-json\/wp\/v2\/users\/1"}],"replies":[{"embeddable":true,"href":"https:\/\/tussyke.de\/Hachelauf\/wp-json\/wp\/v2\/comments?post=67"}],"version-history":[{"count":93,"href":"https:\/\/tussyke.de\/Hachelauf\/wp-json\/wp\/v2\/pages\/67\/revisions"}],"predecessor-version":[{"id":1992,"href":"https:\/\/tussyke.de\/Hachelauf\/wp-json\/wp\/v2\/pages\/67\/revisions\/1992"}],"wp:attachment":[{"href":"https:\/\/tussyke.de\/Hachelauf\/wp-json\/wp\/v2\/media?parent=67"}],"curies":[{"name":"wp","href":"https:\/\/api.w.org\/{rel}","templated":true}]}}